se 0 = -t - 0*t + 24. Calculate the remainder when 94 is divided by t.
22
Suppose 0*r = -5*m + 5*r + 50, -22 = -3*m - r. Let w(y) = y**3 - 2*y**2 + y + 2. What is the remainder when w(3) is divided by m?
6
What is the remainder when 50 is divided by (14 - 0) + 18/(-6)?
6
Suppose -p + 18 = 5. Suppose -s - 12 = -5*u + 15, 2*u + 4*s = 24. Suppose -w + u*w = 35. What is the remainder when p is divided by w?
6
Suppose 31 - 13 = g + 2*y, 0 = -2*g - 5*y + 38. Calculate the remainder when g is divided by (-18)/(-4) - 2/(-4).
4
Let l(t) = 2*t**2 - 3*t + 2. What is the remainder when 113 is divided by l(-3)?
26
Suppose j - 81 - 204 = 0. Suppose j = 5*x - 0*x. What is the remainder when x is divided by 15?
12
Let j(v) = -v**3 + 8*v**2 + 9*v - 10. Let m be j(9). Let r(f) = f + 16. Calculate the remainder when (1 + -2)*m*3 is divided by r(0).
14
Suppose -l = -4*v - 22 + 5, 0 = 5*l - 5*v - 40. Calculate the remainder when 6 is divided by l.
1
Let f(d) = d**2 - 3*d. Let y be f(3). Suppose y = -0*k - k. Suppose -3*b + 3 + 30 = k. Calculate the remainder when 20 is divided by b.
9
Let c(n) = n**3 + 6*n**2 + 6*n - 7. Let v be c(-5). Let a be (v/10)/((-6)/40). Suppose -2 - a = -q. What is the remainder when 29 is divided by q?
9
Let t = 8 + -11. Let g(o) = 7*o**2 + 2*o - 2. Calculate the remainder when g(t) is divided by 6/15 + 93/5.
17
Let s = 29 + -21. Suppose 4*r - s*r - 148 = 0. Let a = r + 102. Calculate the remainder when a is divided by 22.
21
What is the remainder when ((-2)/((-6)/13))/((-17)/(-51)) is divided by (-1 + 0)*(-7)/1?
6
Calculate the remainder when 27 is divided by 147/9 + -2 - (-10)/15.
12
Let f(j) = -j**2 + 3. Let w be f(0). Suppose -h + 0*h = w. What is the remainder when 18 is divided by (-36)/h - 2/1?
8
Let a = -133 - -142. What is the remainder when 15 is divided by a?
6
Let t(o) = 8*o**2 + 2*o + 1. Let a be t(-1). Let p = 15 - a. What is the remainder when 14 is divided by p?
6
Suppose -4*x = 14 + 10. Let c = x - -10. Suppose -c*p = -5*v + 50 + 37, -3*p - 84 = -5*v. What is the remainder when v is divided by 8?
7
Let h(y) = y**3 + 8*y**2 + 5*y - 9. Let c(x) = 18*x**3 + 2*x - 1. Calculate the remainder when c(1) is divided by h(-7).
4
Suppose 4*k = v + 428, 3*k - 231 = -4*v + 109. Calculate the remainder when k is divided by 14.
10
Suppose 0 = -5*p + 4*k + 100, 6*k - 60 = -3*p + 2*k. Suppose 0 = 4*u + 4, -5*u - 7 - p = -2*g. Calculate the remainder when g is divided by 4.
3
What is the remainder when 51 is divided by 1 + -3 + 5 + 10?
12
Let x = -26 - -32. Calculate the remainder when x is divided by 4.
2
Suppose -5 = 3*u + 1. Let f be 1/(3 - (-7)/u). What is the remainder when 102*(14/6 + f) is divided by 12?
10
Suppose 5 - 18 = -3*v - 2*t, 3*v = t + 25. Let m = v - 3. Suppose 3*s + 5*x - 3*x = 5, -2*x = 2*s - m. What is the remainder when 2 is divided by s?
0
Let z(j) = 17*j - 3. Let k be z(-5). Calculate the remainder when (k/(-20))/((-3)/(-15)) is divided by 2/(-2)*(0 - 12).
10
Let x = 2 - 2. Let p be 0/3 - (x - 2). Let s = p - -2. What is the remainder when 7 is divided by s?
3
Let t = -11 - -14. Suppose 5*c - w + 7 = 6*c, 4*c - 24 = -t*w. What is the remainder when 5 is divided by c?
2
Suppose 0 = -m - 3*m + 60. Let c(r) = -r**3 - 7*r**2 - 5*r + 15. What is the remainder when m is divided by c(-6)?
6
Let j = -2 - 1. Let r = j - -31. Calculate the remainder when r is divided by 10.
8
Suppose 5*i + 5*h - 26 = h, -3*h = -3*i - 6. Calculate the remainder when i is divided by 2 + 1*(1 - 1).
0
Suppose -5*p = -p - 56. Suppose 2*g + 3*g - f - 102 = 0, 0 = 4*g - 3*f - 86. Suppose o - g = -3*o. Calculate the remainder when p is divided by o.
4
Let b(s) = s + 19. Calculate the remainder when 73 is divided by b(0).
16
Suppose 296 = 9*q - 5*q. What is the remainder when q is divided by 19?
17
Suppose -4*a = a + 4*w - 2, -3*w = 5*a - 4. Suppose -116 = -a*n - 2*n. Calculate the remainder when n is divided by 10.
9
What is the remainder when (-8)/12*-87 + 3 is divided by 16?
13
Let h be ((-10)/(-3))/(3/9). Let a = h - 7. What is the remainder when ((-12)/8)/(-3)*8 is divided by a?
1
Suppose 2*s - 4 = -3*z + 23, -2*z + 18 = -3*s. Let g(p) = 2 + p**2 - 1 - 5 + 0*p**2. Calculate the remainder when z is divided by g(3).
4
Let u = -10 - -26. Let q(j) = 8*j - 5. Let x be q(6). Let l = x - 13. What is the remainder when l is divided by u?
14
Let q be -2 + 35 + 2 + 2. Let n = -14 + q. Suppose -3*t - 5 = -29. Calculate the remainder when n is divided by t.
7
Let f(r) = 23*r - 1. Calculate the remainder when 88 is divided by f(2).
43
Suppose -3*n - 2*n + 20 = 0. Suppose -f - 49 = -x - n*x, 2*f = -8. What is the remainder when 24 is divided by x?
6
Let n be (-6)/27 + (-220)/(-18). Suppose -202 = -5*g - n. Calculate the remainder when g is divided by 14.
10
Let r(k) be the first derivative of k**4/4 + 5*k**3/3 + k**2/2 - 2*k + 2. What is the remainder when 18 is divided by r(-4)?
8
Suppose -p + 29 = 23. Let w(u) = -7*u - 6. Calculate the remainder when w(-4) is divided by p.
4
Let n = -3 - -4. Suppose -3 = -o - n. Suppose o*v - 45 = -5*y, -5*v - y + 55 = -0*y. What is the remainder when v is divided by 6?
4
What is the remainder when 41 is divided by (-44)/(20/(-70) + (-12)/7)?
19
Let o = 16 + -1. Calculate the remainder when 43 is divided by o.
13
Let t be (0 - -1)/((-2)/10). Let n = t - -9. Suppose -n*d + 56 = -0*d. Calculate the remainder when 27 is divided by d.
13
Let b = 22 - 22. Suppose 5*i = -b*i + 15. Calculate the remainder when 9 is divided by i.
0
Let w = 0 - -47. Suppose -5*s = -w - 3. Calculate the remainder when s is divided by 6.
4
Let w(s) = -2*s + 23. What is the remainder when 3 is divided by w(10)?
0
Suppose 3*b = 2*w - 4, -2*b - 4*w + 14 = -2*w. Suppose b*o - 18 = 34. Calculate the remainder when o is divided by 9.
8
Let t = 130 + -90. Suppose -6*a = -a - t. Suppose 3*j + j = 5*v - 91, 0 = v - 4*j - 31. Calculate the remainder when v is divided by a.
7
Calculate the remainder when (-8)/(-32) + (-159)/(-4) is divided by 9.
4
Let m(l) = 4*l - 1. What is the remainder when 26 is divided by m(2)?
5
Suppose 0 = -y + 5*y + 36. Calculate the remainder when (-2)/y - (-100)/36 is divided by 2.
1
Let s(d) = 8*d**3 + 2*d**2 + d. Let l be s(-1). Let q(z) = z**2 - 2*z - 5. What is the remainder when q(l) is divided by 15?
13
Let w(f) be the third derivative of 0*f + 2*f**2 + 2/3*f**3 + 0 + 3/8*f**4. Calculate the remainder when w(6) is divided by 20.
18
Let a(w) be the third derivative of -w**4/24 + 13*w**3/6 - w**2. Let c be a(9). Let r = c + 19. Calculate the remainder when r is divided by 12.
11
Let d(c) = -c**2 - 4*c + 5. Let v be d(-4). Suppose v*s - 5 - 5 = 0. Suppose -n + s + 6 = 0. What is the remainder when 15 is divided by n?
7
Let k(q) = -q**2 - 3*q - 2. Let b be k(-2). Let d(c) = c**3 - c**2 + 31. What is the remainder when d(b) is divided by 11?
9
Let c be 2/(-6) + (-62)/(-6). Suppose 3*w + 2*b - c = 0, -3*b = 4*w + b - 16. Calculate the remainder when 7 is divided by w.
1
Let v be (-1)/(-4) - (-18)/(-8). Suppose 0 = -3*h + h - 2*w + 18, -h + w + 11 = 0. What is the remainder when h is divided by (2*-3)/(1 + v)?
4
Let a(h) = 2*h**3 - 4*h**2 - h. What is the remainder when a(3) is divided by 1 - 1/(60/(-28) - -2)?
7
Let v(n) = 20*n - 2. Let z be v(1). Let q = -2 - 2. Calculate the remainder when 634/18 + q/z is divided by 18.
17
Suppose 4*i + 44 = 4*q, -51 + 0 = -5*q + i. Calculate the remainder when 16 is divided by q.
6
Suppose 0*o = -5*l + 3*o + 154, 5*o = 3*l - 102. Calculate the remainder when l is divided by 8.
5
Let l(s) = 2*s - 1. Let f(a) = -a**2 + 4*a + 2. Let h be f(4). What is the remainder when 7 is divided by l(h)?
1
Suppose -5 = f - 5*d, 4*f + 3*d = -0*f + 95. Suppose -3*s - 3*h + 123 = 0, 0 = 5*h - 0*h - 20. Calculate the remainder when s is divided by f.
17
Let n = -67 + 86. What is the remainder when 339 is divided by n?
16
Suppose 0 = l - 57 + 20. Calculate the remainder when l is divided by 20.
17
Let b(w) = w + 27. What is the remainder when 83 is divided by b(-10)?
15
Let c be (1 + 5/(-2))*-24. Let w = -20 + c. What is the remainder when 47 is divided by w?
15
What is the remainder when 23 is divided by (-8)/2*9/(-4)?
5
Suppose -d + 2*c + 25 = 0, -d + 3*c + 0*c = -28. Let w = 14 + -22. Let r = d - w. Calculate th